+ 9 = 2*y - d. Let g(z) = z**3 - 3*z**2 - z. Calculate g(t).
-3
Let r(q) = -4*q**2 + 5*q - 5. Let n(x) = x**2 + 1. Let k(g) = 3*n(g) + r(g). Let y(t) = -t**2 - 5*t + 5. Let z be y(-5). What is k(z)?
-2
Suppose 3*u + 18 + 0 = 0. Let n(d) = d**3 + 7*d**2 + 6*d - 5. What is n(u)?
-5
Let p(o) = 3*o + 2*o - 1 + 0. Suppose -12 = -3*u + 7*u + 4*v, -3*u - 11 = 4*v. Calculate p(u).
-6
Let k be 9 - 0 - (5 - 2). Let z(v) = -4 - v**2 + 7*v - v - 2. What is z(k)?
-6
Let x(i) be the third derivative of i**4/8 + 2*i**3 - i**2. Let v be x(-6). Let j(s) = s + 8. Determine j(v).
2
Let x(j) be the first derivative of -1/2*j**2 - j - 4. What is x(0)?
-1
Let l(n) be the second derivative of n**3 - n**2 + 3*n + 0 - 1/12*n**4. Suppose 2*b + b = 15. Calculate l(b).
3
Let g be ((-78)/(-9))/(4/6). Suppose 0 = -3*h + q + 5, -4*h - q - 4*q = -g. Let c(l) = -1 - l**2 + 5*l + 0*l**h + l. Calculate c(4).
7
Let g(t) = -2*t**3 - t**2 + 2*t. Let p be 3/(-6*(-5)/(-20)). Calculate g(p).
8
Let t(f) = 4*f**2 - 27 + 53 - 5*f**2 - 10*f - 29. Calculate t(-6).
21
Let i(j) = -2*j + 1. Let k be (-3)/6*(10 - 0). Let x = k + 7. What is i(x)?
-3
Let j be (-4)/10 + (-81)/(-15). Suppose -y = -2*q + 7, q - 2*y + 10 = j*q. Let k(n) = 6*n - q*n**2 - 2*n**2 - 3 + n**3 + 0. Give k(4).
5
Suppose b - 2 - 2 = 0. Let v(f) = -b*f + 0 + 5*f + 1 + 3*f. Give v(-2).
-7
Let d(h) be the first derivative of h**3/3 + 3*h**2 - 7*h - 1. Let x(w) = -3*w**2 + 5*w + 6. Let t be x(6). Let u be t/(-16)*8/(-6). Give d(u).
-7
Suppose -3*f + b - 10 = 0, -3*f = -5*f - 3*b - 25. Let n(j) = 2*j - 5*j - j**2 + 7 + j. Calculate n(f).
-8
Let k(o) = 6*o**2 - 9*o - 2. Let b(w) = -w**2 + w + 1. Let i(r) = r**2 - 5*r + 2. Let a be i(3). Let t(c) = a*b(c) - k(c). Give t(3).
-5
Let h be 3/2*-2*-1. Let y(t) = -4 + 5 + 3 + t**h - 3*t**2. Determine y(3).
4
Let i(v) = 5*v**3 + 15*v**2 - 9*v + 1. Let r(y) = 11*y**3 + 31*y**2 - 18*y + 1. Let f(a) = 13*i(a) - 6*r(a). Calculate f(8).
-1
Let a(z) = z + 6. Let t(f) = f**3 + 13*f**2 + 13*f + 5. Let x be t(-12). Calculate a(x).
-1
Let p be (-1)/(0 - 1)*100/(-20). Let s(r) = -r**3 - 4*r**2 - 2. What is s(p)?
23
Suppose 2*k + 12 - 8 = 0. Let a(l) = l**3 - 2*l - 1. Give a(k).
-5
Let y(s) = 0*s - 2*s + s + 1. Calculate y(2).
-1
Let u(v) = -18*v**2 + 4*v**2 - v + 6*v**2 - v**3. Give u(-8).
8
Let z(i) be the first derivative of i**2/2 - 2*i + 3. Calculate z(-3).
-5
Let r = -7 - -6. Let m(x) be the second derivative of 0 - 2*x + 1/2*x**2 - x**3. Determine m(r).
7
Let w(k) = k**3 + k**2 - 2*k + 2. Let v be w(2). Suppose 4*a - 10 = v. Let o(c) = -c**3 + 3*c**2 + 7*c + 2. Calculate o(a).
-13
Let g(b) = -b + 3. Let a(q) = -6*q + 88. Let u be a(14). What is g(u)?
-1
Suppose -3*u = -4*u - 5*y - 16, 4*u - 4*y = 32. Let m(p) = 4*p + 0*p + u*p - 1. Determine m(1).
7
Let k = 18 - 12. Let u = k + -3. Let w(g) be the first derivative of g**2 + g + 2. Give w(u).
7
Let x(p) be the third derivative of p**4/6 - p**3/2 + 6*p**2. Determine x(6).
21
Let s(j) be the second derivative of j**6/360 - j**5/40 + j**4/8 - j**3/6 + 3*j. Let g(f) be the second derivative of s(f). What is g(3)?
3
Suppose 42 = -4*u - 2*u. Let o(r) = r + 14. What is o(u)?
7
Let f be (-10)/(-40)*(-1 + 9). Let j(q) be the first derivative of -7*q + 1 + 3/2*q**f. Determine j(5).
8
Let s be 7/7 - 0/2. Let t(v) = 3*v + 1. Calculate t(s).
4
Let d(t) = -t**3 + 3*t**2 - 3*t + 2. Let x be d(3). Let i(l) = l**2 + 7*l - 2. What is i(x)?
-2
Let w(u) = 2*u. Let x be ((-24)/20)/((-6)/(-15)). What is w(x)?
-6
Let f(x) = 2*x - 7. Let k be f(4). Let t(j) = 15*j**3 + 2*j**2 - j. Give t(k).
16
Let b(g) = -4*g + 3. Suppose m - 2*m - 2 = 0. Let t be 0*2/(-4) - m. Suppose z + t*z = 9. Determine b(z).
-9
Let u(r) = -7*r + 41*r**3 - 40*r**3 + 3 + 2 - 4*r**2. Give u(5).
-5
Suppose 0*p = -2*p - 2, -22 = -3*l + p. Let i(g) = g**2 - 6*g - 7. Let j be i(l). Let w(b) = b - 10 + 0*b + j*b. Give w(5).
-5
Let v(r) = r**2 - 4*r + 1. Let l be 3/(1 - (-10)/(-4)). Suppose 3*d - 4 = 8. Let y = d + l. Calculate v(y).
-3
Let o(s) = -12*s - 1. Let k(y) = -y**2 + 12*y + 14. Let z be k(13). What is o(z)?
-13
Let j = 6 + -3. Let m = -1 - j. Let x(l) = 2*l**2 + 6*l + 3. What is x(m)?
11
Let f = -21 + 22. Let u(h) = -f + 2 - 1 + 1 + h. Determine u(-1).
0
Let a(y) = -y - 11. Let c(m) = -3*m - 32. Let t(d) = 17*a(d) - 6*c(d). Give t(0).
5
Let h be 1/((8/(-2))/(-4)). Let c(q) = -5*q + 1. What is c(h)?
-4
Let a(k) = k**3 + 7*k**2 + 6*k - 4. Suppose -24 = 2*q + 2*q. Calculate a(q).
-4
Let u(l) = -2*l - 4. Let w be u(-3). Suppose 5*z + 0 = 5. Let a(t) = -7 + 4 + t - z. What is a(w)?
-2
Suppose -4*n = -n - 3. Suppose 23 + n = 4*j. Let o(v) = v**2 - 3*v + 2. Let r(q) = 3*q**2 - 9*q + 5. Let f(p) = j*r(p) - 17*o(p). Determine f(4).
0
Let d(i) be the first derivative of i**3/6 + i**2/2 - 3*i - 3. Let m(x) be the first derivative of d(x). Give m(-1).
0
Suppose 2*w + 1 = 5. Let t(n) = -2*n**2 + 3*n - 1. Let s be t(w). Let m(q) = -q. Let b(r) = -r + 1. Let a(i) = -3*b(i) + 2*m(i). Calculate a(s).
-6
Let j(h) be the second derivative of h**5/20 - h**2 - 7*h. Calculate j(0).
-2
Let p(m) = 2*m + m**3 + 0*m**3 + 5 - 7*m + 4*m**2. Suppose -5*a + 3*a = 10. Give p(a).
5
Let q be (-18)/(-2)*(-1 - -2). Suppose -1 = 2*x - q. Let g(l) = -32*l + 58*l - 25*l. Give g(x).
4
Let u(q) = 4*q + 2. Let h(t) = -t**2 + t + 4. Let k be h(4). Let v = k + 3. Let f = -7 - v. Determine u(f).
-6
Suppose 0 = -3*b - 4*l + 26, 4*b + 3*l - 9 = 14. Let u(v) = 5 + b - 5*v - 4 - 5. Calculate u(-2).
8
Let d(p) = -p**2 - 1. Let x be d(2). Let r be (5/(-3))/(x/15). Let u(a) = 5*a**2 - a**3 - 2*a - 5*a - 4 + r + 5. Calculate u(4).
-6
Let k(n) = -4*n**2 + 3*n**2 + 3*n**3 - 2*n**3 + 5 + n. Let r be k(0). Let z = 8 - r. Let t(w) = w - 2. What is t(z)?
1
Let p(l) be the third derivative of -l**6/120 + l**5/30 - l**4/24 + l**3/3 - 10*l**2. Determine p(2).
0
Let v(m) = -4*m + 15. Let y(c) be the first derivative of 3*c**2/2 - 10*c - 3. Let u(d) = -5*v(d) - 7*y(d). Suppose 2*x + 2 = 12, -h + 20 = 5*x. Give u(h).
0
Let q be 0 + 2 + (-3)/(-3). Suppose -k - 8 = q*k, -4*k = -i + 10. Let l = i - 2. Let n(u) = -u - 3. What is n(l)?
-3
Let g be -2 - (-2 + 6/(-2)). Suppose 3*c - 2 - 4 = 0. Let j(a) = 5*a**2 - a**3 - 2*a**2 + 2 + 3*a - c*a. What is j(g)?
5
Suppose 0 = 2*l - 3*y - 3, y = 4*l - 0*y - 1. Let d(s) be the second derivative of -s**5/20 - s**4/12 + s**2/2 - 2*s. What is d(l)?
1
Let q(b) = -b**2 + 4*b. Suppose -4*d - 2*j + 3 = -7, -5*d + 2*j + 17 = 0. Let w be q(d). Let m be 2 - (0 + -1 + w). Let t(c) = c - 2. Give t(m).
-2
Let y = -3 + 8. Suppose -20 = 3*r + 4*k, -k - 5 = 3*r - 2*r. Suppose 4*z + y*b + 26 = -r*z, 2*z - 4*b = 0. Let p(i) = -i**3 - 3*i**2 + 3*i - 1. Determine p(z).
3
Let a(y) = y**3 + 2*y**2 + y + 1. Suppose 0 = -4*l - 12, 15 = -0*r + 3*r + 2*l. Suppose -3*b = 4*n - 6*b - r, -5*n + 4*b = -10. Determine a(n).
-1
Let k(q) = 5*q - 5*q + 6*q - 3*q. Determine k(-1).
-3
Let f(v) = -v + 1. Let i(a) be the second derivative of 2*a**3 - 2*a**2 - 3*a. Let p(y) = 3*f(y) + i(y). Determine p(1).
8
Let j(i) be the third derivative of i**4/12 - 13*i**3/6 + 5*i**2. Let r be j(10). Let o(n) = n**2 - 8*n + 5. Give o(r).
-2
Let a(y) = 0 + 51*y + 6 - 53*y. Calculate a(6).
-6
Let a(v) = 11*v**2 + 4*v - 4. Let k(l) = -7*l**2 - 3*l + 3. Let o(m) = 5*a(m) + 8*k(m). Let y(c) = -c + 2. Let q be y(5). What is o(q)?
7
Suppose 6 = -0*p + p. Let k(o) = 4 + 21*o**3 - 6*o**2 + o - 20*o**3 - 3*o. Calculate k(p).
-8
Let q(v) = 3*v**3 + 5*v**2 + 5*v - 16. Let f(d) = 2*d**3 + 4*d**2 + 4*d - 15. Let b(w) = -4*f(w) + 3*q(w). What is b(0)?
12
Let j(h) = 4*h**2 - 3*h + 5*h**3 - h - 17 - 13*h**2. Let d(t) = t**3 - 2*t**2 - t - 4. Let q(k) = -9*d(k) + 2*j(k). Let o = 0 - 0. Determine q(o).
2
Let y(i) = 0*i**2 + i**2 + 5*i**2 - i. Let d = -29 - -28. Determine y(d).
7
Let q(z) be the second derivative of z**4/12 - z**3/6 + 36*z. Let o = 1 + -3. Calculate q(o).
6
Let o(p) = p**3 - p**2. Let h(r) = 3*r**3 - r**2 + 1. Let g(i) = -h(i) + 2*o(i). Suppose -12 = -2*j - 0. Suppose 0 = j*x - 2*x. Calculate g(x).
-1
Let s(l) = 6*l**2 - 4*l**2 + 0*l + 5 - 4*l - 3*l**2. What is s(-4)?
5
Let q(w) = -w**3 - 3*w**2 + 4*w + 4. Let o be q(-4). Let v(c) = c**3 - 2*c + 1 - c**2 + o - 6. Suppose -y + 3*h + 14 = 0, -y + 17 = -3*y - 3*h. What is v(y)?
-1
Let z(a) = a**2 + 12*a - 8. Let r = -10